s the remainder when 175 is divided by n(-3)?
13
Let r = -83 - -142. Let o(i) = 13*i + 772. Calculate the remainder when o(-37) is divided by r.
55
Suppose 0 = -4*l + 57 + 95. Let o = 185 - 36. What is the remainder when o is divided by l?
35
Let m(z) = z**2 + 23*z + 108. Let g be m(-9). Let a(s) = -2*s + 36. What is the remainder when a(g) is divided by 19?
15
Suppose -16*x + 273 = -12*x + 9*x. Let d = -2 + 6. Suppose d*g = 5*k - 0*k + 431, -6 = 2*k. What is the remainder when g is divided by x?
20
Suppose 201*k - 220*k + 323 = 0. What is the remainder when 3119 is divided by k?
8
Suppose 0 = 3*h + 5*n - 39 + 1, 0 = -5*h - 3*n + 74. What is the remainder when 164 is divided by 334/8 - (-16 - (-252)/h)?
38
Suppose -5*z = -2*g - 4*z + 34, 5*g - 74 = -3*z. Calculate the remainder when -5 + ((-136)/48)/(18/(-324)) is divided by g.
14
Suppose 4*c = -2*j + 4, -c - j + 7 = -2*j. Let q = -1 + 25. What is the remainder when q is divided by c?
0
Let w(f) = -19*f**2 + 158*f - 7. What is the remainder when 1758 is divided by w(8)?
36
Let j(v) = 26*v - 86. Let s(u) = -13*u + 44. Let q(r) = 3*j(r) + 5*s(r). Calculate the remainder when 209 is divided by q(7).
50
Suppose -5*d + 296 + 19 = 5*z, 255 = 4*d + z. Calculate the remainder when (-383)/(-2) + (-24)/16 is divided by d.
62
Let t(f) = f**3 + 14*f**2 + 20*f - 28. Suppose 2*y + 11 = -2*v - 3, -19 = y - 2*v. Calculate the remainder when t(y) is divided by 30.
25
Let x = 2699 + -2661. Let a(h) = h. Let v be a(-5). Let p(l) = l**3 + 7*l**2 + 6*l - 6. What is the remainder when x is divided by p(v)?
10
Suppose 0 = 2*r - 8, 3*z = 4*r - 2*r + 382. Suppose -8*h + 3*f + z = -4*h, 4*h = 2*f + 132. Calculate the remainder when 62 is divided by h.
28
Let z = 57 - 54. Suppose -3*p + 12 = -5*s - 58, 3*p + 3*s = 30. Calculate the remainder when ((-18)/p)/((-5)/50) is divided by z.
0
Let b = -1 + 5. Let p(c) = -3 - c**2 - 10*c + 9*c**2 - 2*c + 5. What is the remainder when p(2) is divided by b?
2
Let b = 393 + -347. Let d = b + -17. What is the remainder when d is divided by 15?
14
Calculate the remainder when (-5)/(9 + (-9024)/1002) is divided by 118.
9
Let y = 123 + -121. Suppose 5*c + y*t - 624 = 0, -15 = -2*c - 3*t + 239. What is the remainder when c is divided by 63?
61
Let g be -1 - (6/24 + (-165)/4). Suppose 24*o - g = 19*o. Suppose o*r = 196 + 220. What is the remainder when r is divided by 18?
16
Let h(j) = 2*j**3 - 3*j**2 + 2*j - 1. Let f(r) = -3*r + 14. Let k be f(-9). Suppose -k = 5*c - 206. Calculate the remainder when c is divided by h(2).
5
Suppose 2*m - 28 = -4*c + 8, 3*c + 4*m - 32 = 0. Let u be 12/(-138) + 2/23. Suppose -c*l + 132 - 36 = u. What is the remainder when 59 is divided by l?
11
Let n be (2/5)/(7 - (-1266)/(-180)). Let u = -7 - n. Suppose -u*b + 5*j + 76 = -4, -4*j = 4*b - 32. Calculate the remainder when 20 is divided by b.
8
Let k(u) = -u**3 + 2*u**2 - u + 7. Let h be k(0). Suppose h*c - 4 = 3. What is the remainder when 3 is divided by c?
0
Suppose 0 = -2*a - 8, a = n + 11 - 274. What is the remainder when n is divided by 197?
62
Let r(f) = f**2 - 34*f + 298. What is the remainder when 695 is divided by r(11)?
20
Let i be (2 - -2)*(6 + -5)/(-1). What is the remainder when 68 is divided by (3 + i - -19) + 0?
14
Let i(v) = 15*v + 2. Let z be i(-2). Let c = z - -32. Suppose -o + 20 - 8 = 5*q, -18 = -o + q. Calculate the remainder when o is divided by c.
1
Suppose 41*d - 36*d = 1530. Suppose 3*g + d = 3*s + 5*g, -2*s + 3*g = -204. What is the remainder when s is divided by 7?
4
Suppose 27*o = 30*o - 39. Let w be (-1207)/(-7) - (-4)/7. Suppose 5*c = -p + 51, -3*p = -0*c + 5*c - w. What is the remainder when p is divided by o?
9
Let n = 13475 - 10990. What is the remainder when n is divided by 12?
1
Calculate the remainder when (6 - (4056/(-27) - 10)) + (-10)/45 is divided by 99.
67
What is the remainder when 3584 is divided by (-23)/(-2)*(-36)/450*30*-5?
134
Let s = 5084 + -5000. What is the remainder when 1108 is divided by s?
16
Suppose 4*g = -0*g + 656. Suppose -4*h + 9*t - 10*t + 218 = 0, 6*h - 3*t - 336 = 0. Calculate the remainder when g is divided by h.
54
Suppose -134*x + 89882 = -227028. Calculate the remainder when x is divided by 20.
5
Let u = -170 - -170. Suppose 25 = x + 5*c, 2*c = -2*x - u*c + 42. What is the remainder when 151 is divided by x?
11
Suppose -50 - 34 = -2*o + 2*f, 4*o - 195 = -5*f. Let j = -11 + 16. Calculate the remainder when o is divided by j.
0
Let p = -7 + 19. Let o(f) = 7*f + 28. Let m be o(p). Let l = 114 - m. Calculate the remainder when 2 is divided by l.
0
Let a(n) = -721*n - 412. What is the remainder when a(-1) is divided by 79?
72
Let q(a) = -a**2 + 24*a - 43. Let p be q(22). Let n(d) = 45*d - 33. What is the remainder when 777 is divided by n(p)?
9
Suppose 9*x + 4320 = 450. What is the remainder when 167 is divided by 13/((-195)/x) - (-2)/(-3)?
27
Let j(g) = -g**3 - 15*g**2 + 10*g - 52. Calculate the remainder when j(-20) is divided by 70.
68
Let g = 84 + -36. Let u(n) = 16*n + 62. Calculate the remainder when g is divided by u(-3).
6
Let p = -5705 - -5928. What is the remainder when 1050 is divided by p?
158
Suppose 0 = -90*b - 14*b + 115752. Calculate the remainder when b is divided by 59.
51
Suppose 3*u - 54 = 5*n, 60 - 42 = u - 5*n. Calculate the remainder when 563 is divided by u.
5
Let m(d) = -62*d - 122. Suppose 0 = -4*w + t + 56, -5*w + 2*t + 77 = -t. Calculate the remainder when m(-3) is divided by w.
12
Let x = -7982 + 8125. Calculate the remainder when 699 is divided by x.
127
Suppose 0 = -2385*d + 2388*d + 33. What is the remainder when d/((-429)/7657) + (-10)/(-6) is divided by 53?
39
Calculate the remainder when 3/8 - (7 - 515*(-670)/(-400)) is divided by 225.
181
Suppose -4*d = -11*d + 3094. Let g = -355 + d. What is the remainder when 344 is divided by g?
83
Calculate the remainder when (176847/(-466))/(2/(-4)) is divided by 741.
18
Suppose 0 = -5*c + 7*c - 6, 0 = 3*z - 5*c - 294. Suppose 2*i = -4*k + 38, 4*i + 0*k - k = z. Calculate the remainder when 72 is divided by i.
22
Let h be -4*(10/(-4))/(-5). Suppose 13034*v - 13018*v = 240. What is the remainder when h/6*(0 - 177) is divided by v?
14
Suppose -2*l + 5*l = 15. Suppose -o - 16 = -l*o. Let g(b) = b**3 + 14*b**2 - 9*b + 92. Calculate the remainder when o is divided by g(-15).
0
Suppose -4*k = k + 3*w - 5, 4*k + 4 = -4*w. Suppose -315 = -k*g - 199. Calculate the remainder when g is divided by 10.
9
Let l(c) = 9 - 27*c + 4*c - 1 + 42*c. Let j(o) = -o**3 + 2*o**2 + 8*o + 1. Let z be j(4). What is the remainder when 93 is divided by l(z)?
12
Suppose -5*a = -4*o - 12, -o + 3*a + 22 = 8*a. Suppose 0 = -o*y - 4*w + 30, 5*w = y + 2*w - 35. What is the remainder when 228 is divided by y?
21
Suppose 2*c + 654 - 590 = a, 4*c = -3*a + 162. Calculate the remainder when 2550 is divided by a.
56
Let n = -138 - -88. Suppose 4*r - 27 - 189 = 0. Let t = n + r. What is the remainder when t is divided by 3?
1
Let w be 3 - 0/(12/4). Suppose -3*o = 4*r - 37, 6*r = r - w*o + 47. Let n(g) = 19*g - 235. Calculate the remainder when n(17) is divided by r.
8
Suppose 6*p + 278 - 1238 = 0. Suppose -12*j + p = -8. Calculate the remainder when -1*(1 + -4) - -50 is divided by j.
11
Suppose -3*m - 319 = 2*y, 0 = m - 2*m - 3. Let j = -111 - y. Calculate the remainder when 159 is divided by j.
27
Let z(q) be the first derivative of -q**4/4 - 5*q**3/3 - q**2/2 + 26*q - 109. What is the remainder when z(-5) is divided by 11?
9
Let y(g) = 188*g - 272. What is the remainder when 622 is divided by y(2)?
102
Let l = -34 - 152. Let w = l + 206. Calculate the remainder when 131 is divided by w.
11
Let h = 16008 - 15595. Calculate the remainder when 835 is divided by h.
9
Suppose -5*c + 2*b + 109 = 0, -5*c = -5*b - 1 - 99. Calculate the remainder when 26 is divided by ((-2)/(-1) - 3) + 299/c.
2
Let z = 2521 + -2470. Calculate the remainder when 358 is divided by z.
1
Let s(o) = o**3 - 6*o**2 - 9*o + 14. Let f be s(7). Suppose 0 = 6*c - f*c - 996. What is the remainder when c is divided by 57?
52
Suppose 2*v = -x + 57, 16*x - 11*x + 135 = 5*v. Suppose b - v = 9. Calculate the remainder when 37*3 + -1*2 is divided by b.
35
Suppose 0 = 3*x + 2*i - 1826, -2*i = -7*x + 9*x - 1218. Let r be (x/12 - -1) + (-2)/(-6). Let b = 